{"id":119,"date":"2025-02-04T18:40:42","date_gmt":"2025-02-04T17:40:42","guid":{"rendered":"https:\/\/apartamentostramuntana.com\/kit\/?page_id=119"},"modified":"2025-02-07T19:07:39","modified_gmt":"2025-02-07T18:07:39","slug":"politica-de-cookies","status":"publish","type":"page","link":"https:\/\/apartamentostramuntana.com\/kit\/politica-de-cookies\/","title":{"rendered":"Politica de Cookies"},"content":{"rendered":"\t\t<div data-elementor-type=\"wp-page\" data-elementor-id=\"119\" class=\"elementor elementor-119\" data-elementor-post-type=\"page\">\n\t\t\t\t\t\t<section class=\"elementor-section elementor-top-section elementor-element elementor-element-3a68a703 elementor-section-boxed elementor-section-height-default elementor-section-height-default\" data-id=\"3a68a703\" data-element_type=\"section\">\n\t\t\t\t\t\t<div class=\"elementor-container elementor-column-gap-default\">\n\t\t\t\t\t<div class=\"elementor-column elementor-col-100 elementor-top-column elementor-element elementor-element-7b98c4be\" data-id=\"7b98c4be\" data-element_type=\"column\">\n\t\t\t<div class=\"elementor-widget-wrap elementor-element-populated\">\n\t\t\t\t\t\t<div class=\"elementor-element elementor-element-717b6a93 elementor-widget elementor-widget-heading\" data-id=\"717b6a93\" data-element_type=\"widget\" data-widget_type=\"heading.default\">\n\t\t\t\t<div class=\"elementor-widget-container\">\n\t\t\t\t\t<h1 class=\"elementor-heading-title elementor-size-default\">POLITICA DE COOKIES<\/h1>\t\t\t\t<\/div>\n\t\t\t\t<\/div>\n\t\t\t\t\t<\/div>\n\t\t<\/div>\n\t\t\t\t\t<\/div>\n\t\t<\/section>\n\t\t\t\t<section class=\"elementor-section elementor-top-section elementor-element elementor-element-306f0550 elementor-section-boxed elementor-section-height-default elementor-section-height-default\" data-id=\"306f0550\" data-element_type=\"section\">\n\t\t\t\t\t\t<div class=\"elementor-container elementor-column-gap-default\">\n\t\t\t\t\t<div class=\"elementor-column elementor-col-100 elementor-top-column elementor-element elementor-element-23a15c83\" data-id=\"23a15c83\" data-element_type=\"column\">\n\t\t\t<div class=\"elementor-widget-wrap elementor-element-populated\">\n\t\t\t\t\t\t<div class=\"elementor-element elementor-element-479fb358 elementor-widget elementor-widget-heading\" data-id=\"479fb358\" data-element_type=\"widget\" data-widget_type=\"heading.default\">\n\t\t\t\t<div class=\"elementor-widget-container\">\n\t\t\t\t\t<h2 class=\"elementor-heading-title elementor-size-default\">Cookies<\/h2>\t\t\t\t<\/div>\n\t\t\t\t<\/div>\n\t\t\t\t<div class=\"elementor-element elementor-element-68971e3f elementor-widget elementor-widget-text-editor\" data-id=\"68971e3f\" data-element_type=\"widget\" data-widget_type=\"text-editor.default\">\n\t\t\t\t<div class=\"elementor-widget-container\">\n\t\t\t\t\t\t\t\t\t<p>El Sitio Web utiliza un analizador de tr\u00e1fico que emplea peque\u00f1os programas denominados y conocidos como \u201ccookies\u201d que nos dan a conocer cierta informaci\u00f3n sobre el uso de nuestro sitio:<\/p><p>Podemos recabar informaci\u00f3n sobre tu ordenador, incluido, en su caso, su direcci\u00f3n de IP, sistema operativo y tipo de navegador.<\/p><p>Se trata de datos estad\u00edsticos sobre c\u00f3mo navegas por nuestro sitio Web. Las cookies contienen informaci\u00f3n que se transfiere al disco duro de tu ordenador.<\/p><p>Las cookies nos ayudan a mejorar nuestro sitio Web y a prestar un servicio mejor y m\u00e1s personalizado.<\/p><p>En concreto, nos permiten:<\/p><ul><li>Hacer una estimaci\u00f3n sobre n\u00fameros y patrones de uso.<\/li><li>Almacenar informaci\u00f3n acerca de tus preferencias y personalizar nuestro sitio web de conformidad con tus intereses individuales.<\/li><li>Acelerar tus b\u00fasquedas.<\/li><li>Reconocerte cuando regreses de nuevo a nuestro sitio.<\/li><li>Esta p\u00e1gina web utiliza Google Analytics, un servicio anal\u00edtico de web prestado por Google, Inc., una compa\u00f1\u00eda de Delaware cuya oficina principal est\u00e1 en 1600 Amphitheatre Parkway, Mountain View (California), CA 94043, Estados Unidos (\u201cGoogle\u201d). Google Analytics utiliza \u201ccookies\u201d, que son archivos de texto ubicados en su ordenador, para ayudar al sitio Web a analizar el uso que hacen los usuarios del sitio Web.<\/li><\/ul><p>La informaci\u00f3n que genera la cookie acerca de su uso del sitio Web (incluyendo su direcci\u00f3n IP) ser\u00e1 directamente transmitida y archivada por Google en los servidores de Estados Unidos.<br \/>&#8211; Google usar\u00e1 esta informaci\u00f3n por cuenta nuestra con el prop\u00f3sito de seguir la pista de su uso del sitio Web, recopilando informes de la actividad del sitio Web y prestando otros servicios relacionados con la actividad del sitio Web y el uso de Internet.<\/p><p>&#8211; Google podr\u00e1 transmitir dicha informaci\u00f3n a terceros cuando as\u00ed se lo requiera la legislaci\u00f3n, o cuando dichos terceros procesen la informaci\u00f3n por cuenta de Google.<\/p><p>&#8211; Google no asociar\u00e1 su direcci\u00f3n IP con ning\u00fan otro dato del que disponga Google.<\/p><p>Puede Usted rechazar el tratamiento de los datos o la informaci\u00f3n rechazando el uso de cookies mediante la selecci\u00f3n de la configuraci\u00f3n apropiada de su navegador, sin embargo, debe usted saber que si lo hace puede ser que no pueda usar la plena funcionalidad de este sitio Web.<\/p><p>Al utilizar este sitio Web usted consiente el tratamiento de informaci\u00f3n acerca de usted por Google en la forma y para los fines arriba indicados. A estos efectos, se informa que Google Inc. tiene la consideraci\u00f3n de \u201cpuerto seguro\u201d en cuanto a la normativa de protecci\u00f3n de datos personales.<\/p><ul><li>El Usuario da su previo consentimiento, salvo indicaci\u00f3n en contrario, al uso de \u201ccookies\u201d.<\/li><li>El Usuario autoriza tambi\u00e9n los seguimientos de su IP durante la navegaci\u00f3n en el sitio Web.<\/li><li>Puedes negarte a aceptar cookies activando la configuraci\u00f3n en tu navegador que permite rechazar las cookies. No obstante, si seleccionas esta configuraci\u00f3n, quiz\u00e1s no puedas acceder a determinadas partes del Sitio Web o no puedas aprovecharte de alguno de nuestros servicios. A menos que hayas ajustado la configuraci\u00f3n de tu navegador de forma que rechace cookies, nuestro sistema producir\u00e1 cookies cuando te conectes a nuestro sitio.<\/li><\/ul><p>\u00a0<\/p><p>Siguiendo las directrices europeas de la normativa de protecci\u00f3n de datos que puedan verse afectados por el uso de cookies, informamos que los distintos navegadores de Internet cuentan con herramientas de configuraci\u00f3n para que el Usuario, si lo desea, pueda desactivar y\/o eliminar estas cookies o bien activar en su navegador el modo de navegaci\u00f3n privada.<\/p><p>Puede usted permitir, bloquear o eliminar las cookies instaladas en su equipo mediante la configuraci\u00f3n de las opciones del navegador instalado en su ordenador:<\/p><p>Chrome: https:\/\/support.google.com\/chrome\/answer\/95647?hl=es<br \/>Explorer: http:\/\/windows.microsoft.com\/es-es\/windows7\/how-to-manage-cookies-in-internetexplorer-9<br \/>Firefox: https:\/\/support.mozilla.org\/es\/kb\/habilitar-y-deshabilitar-cookies-que-los-sitios-we<br \/>Safari: https:\/\/support.apple.com\/kb\/ph5042?locale=es_ES<\/p>\t\t\t\t\t\t\t\t<\/div>\n\t\t\t\t<\/div>\n\t\t\t\t\t<\/div>\n\t\t<\/div>\n\t\t\t\t\t<\/div>\n\t\t<\/section>\n\t\t\t\t<\/div>\n\t\t","protected":false},"excerpt":{"rendered":"<p>POLITICA DE COOKIES Cookies El Sitio Web utiliza un analizador de tr\u00e1fico que emplea peque\u00f1os programas denominados y conocidos como \u201ccookies\u201d que nos dan a conocer cierta informaci\u00f3n sobre el uso de nuestro sitio: Podemos recabar informaci\u00f3n sobre tu ordenador, incluido, en su caso, su direcci\u00f3n de IP, sistema operativo y tipo de navegador. Se [&hellip;]<\/p>\n","protected":false},"author":1,"featured_media":0,"parent":0,"menu_order":0,"comment_status":"closed","ping_status":"closed","template":"","meta":{"footnotes":""},"class_list":["post-119","page","type-page","status-publish","hentry"],"_links":{"self":[{"href":"https:\/\/apartamentostramuntana.com\/kit\/wp-json\/wp\/v2\/pages\/119","targetHints":{"allow":["GET"]}}],"collection":[{"href":"https:\/\/apartamentostramuntana.com\/kit\/wp-json\/wp\/v2\/pages"}],"about":[{"href":"https:\/\/apartamentostramuntana.com\/kit\/wp-json\/wp\/v2\/types\/page"}],"author":[{"embeddable":true,"href":"https:\/\/apartamentostramuntana.com\/kit\/wp-json\/wp\/v2\/users\/1"}],"replies":[{"embeddable":true,"href":"https:\/\/apartamentostramuntana.com\/kit\/wp-json\/wp\/v2\/comments?post=119"}],"version-history":[{"count":4,"href":"https:\/\/apartamentostramuntana.com\/kit\/wp-json\/wp\/v2\/pages\/119\/revisions"}],"predecessor-version":[{"id":652,"href":"https:\/\/apartamentostramuntana.com\/kit\/wp-json\/wp\/v2\/pages\/119\/revisions\/652"}],"wp:attachment":[{"href":"https:\/\/apartamentostramuntana.com\/kit\/wp-json\/wp\/v2\/media?parent=119"}],"curies":[{"name":"wp","href":"https:\/\/api.w.org\/{rel}","templated":true}]}}